se 12
-20a18
Convert -73222 (base 9) to base 7.
-260543
Convert -2341042 (base 5) to base 9.
-65320
What is -2849832 (base 10) in base 5?
-1212143312
What is 3405183 (base 9) in base 3?
10110012012210
Convert -20101120100 (base 3) to base 11.
-86576
What is 112210010120 (base 3) in base 13?
a2591
What is 101111100111010011 (base 2) in base 15?
3cbbc
Convert 100001001111011101 (base 2) to base 6.
2530205
58b73c (base 13) to base 8
10031622
What is -2010202101122 (base 3) in base 15?
-176c68
Convert -1992c2 (base 16) to base 8.
-6311302
Convert a9066a (base 11) to base 16.
1a98e9
Convert -1643177 (base 10) to base 13.
-456bc3
333213004 (base 5) to base 3
2202012021010
-6373250 (base 10) to base 3
-102222210110022
6062166 (base 7) to base 3
1100122010210
Convert -5ed16 (base 16) to base 7.
-3205200
Convert 3e54b (base 15) to base 2.
110000111010000001
-526933 (base 10) to base 9
-882731
What is 13232322 (base 4) in base 10?
31674
4533545 (base 6) to base 15
4834e
-11011100010011000 (base 2) to base 8
-334230
139911 (base 12) to base 7
2533660
Convert 11000110000111111000 (base 2) to base 15.
1106ac
Convert -167fd (base 16) to base 4.
-112133331
What is -202b8e (base 15) in base 12?
-6183a5
Convert 407cb (base 15) to base 10.
204266
Convert 1220414 (base 5) to base 15.
6d3e
Convert 10001101110001100001010 (base 2) to base 7.
54326101
Convert -2e0417 (base 16) to base 5.
-1233000303
What is -1012200010101 (base 3) in base 4?
-2130333331
What is -5757 (base 13) in base 9?
-17710
-f97e (base 16) to base 8
-174576
Convert 3572505 (base 9) to base 6.
105305135
Convert 21213130 (base 7) to base 10.
1801849
106907 (base 14) to base 6
15530203
What is 5101b8 (base 15) in base 12?
1356962
-4035443 (base 6) to base 16
-2ed13
What is 28a28 (base 14) in base 10?
100780
What is -1001210012311 (base 4) in base 3?
-1012100012110221
Convert -1130133 (base 6) to base 4.
-32100021
What is -1342ab (base 13) in base 2?
-1110001110101000011
-5013421 (base 6) to base 9
-387784
What is -3012343 (base 5) in base 14?
-1361a
What is 231601 (base 10) in base 4?
320202301
-54a28 (base 13) to base 11
-a520a
-1022002120002 (base 3) to base 5
-134101040
Convert -1753922 (base 12) to base 13.
-1005125
3676430 (base 10) to base 6
210444302
Convert 10001011000110011101 (base 2) to base 10.
569757
What is -313303424 (base 5) in base 16?
-13f073
Convert 487310 (base 13) to base 2.
110100110010000010111
What is -2a11a2 (base 16) in base 12?
-b0b602
1362802 (base 9) to base 16
b71ee
What is -471053 (base 8) in base 15?
-32769
What is 646678 (base 12) in base 13?
43760c
333022102 (base 5) to base 4
11203020330
-31440311 (base 5) to base 13
-9386b
What is -24244204 (base 5) in base 3?
-102120211110
-2122211112120 (base 3) to base 10
-1413924
What is -1650513 (base 7) in base 4?
-320111133
Convert -10000000001111001110 (base 2) to base 11.
-329701
Convert -56984a (base 14) to base 8.
-13171632
-110021012000 (base 3) to base 12
-b7876
Convert 667351 (base 8) to base 5.
24200001
Convert 44053576 (base 8) to base 3.
122210121002220
What is 10553021 (base 6) in base 14?
86b09
32a33 (base 12) to base 10
67143
Convert 2476401 (base 10) to base 11.
1441614
What is -883728 (base 14) in base 8?
-21476450
Convert -1675003 (base 11) to base 12.
-b536b0
What is -20555433 (base 9) in base 6?
-552052003
Convert 628bc (base 13) to base 14.
4885d
Convert 301320300123 (base 4) to base 9.
26542000
-7a8d8 (base 16) to base 13
-147637
Convert 1311144341 (base 5) to base 16.
31358b
What is -344534 (base 6) in base 4?
-13032022
What is -37013237 (base 8) in base 5?
-4040213010
cecf5 (base 16) to base 3
1121000222211
Convert -15168547 (base 9) to base 11.
-4293632
What is -2c3e64 (base 15) in base 16?
-20a5e3
What is 1020131313 (base 4) in base 5?
33444243
What is -9e597 (base 15) in base 13?
-148612
What is -10110010110101001000 (base 2) in base 12?
-2b3a88
-135a73 (base 13) to base 12
-1a7a15
Convert -367db (base 16) to base 10.
-223195
Convert -210002202222 (base 3) to base 14.
-ab531
5141413 (base 6) to base 8
741521
Convert -221111100211 (base 3) to base 4.
-1322200321
Convert -50a338 (base 11) to base 14.
-17465b
What is 12111020120 (base 3) in base 15?
22049
Convert -1211d (base 14) to base 16.
-ac5f
6540035 (base 9) to base 14
675303
Convert 1100224214 (base 5) to base 14.
453105
What is -362aa (base 14) in base 11?
-90401
What is -496a38 (base 13) in base 12?
-708a44
What is -310554330 (base 6) in base 5?
-2333141014
What is 152342514 (base 6) in base 3?
20000122222001
Convert -2511353 (base 9) to base 2.
-101001101011011001100
What is -743616 (base 8) in base 10?
-247694
30585c (base 14) to base 3
10001202100111
36218 (base 11) to base 7
305046
What is 1001011001101010101 (base 2) in base 7?
2422054
332414424 (base 5) to base 2
101100010010011100111
411432 (base 8) to base 3
20220111122
Convert 2030b30 (base 12) to base 3.
102100122120000
What is 15b8a34 (base 15) in base 11?
89a3aa4
Convert -1514712 (base 8) to base 11.
-276010
5231235 (base 6) to base 5
31044111
What is -1102100112102 (base 3) in base 5?
-143124104
What is 203222333 (base 4) in base 9?
242375
Convert 102222210220210 (base 3) to base 11.
3663630
Convert -3305021 (base 6) to base 12.
-7b171
-3e9135 (base 16) to base 9
-7638625
Convert 141350 (base 13) to base 6.
14244402
-303132202 (base 5) to base 11
-766715
323020030 (base 5) to base 9
2526783
-1111110101100011 (base 2) to base 16
-fd63
What is -2021131210 (base 4) in base 16?
-89764
-33066072 (base 8) to base 10
-7105594
Convert 745d9d (base 15) to base 4.
111020010121
What is -1bbbab (base 12) in base 9?
-837575
Convert 1100110010111010101001 (base 2) to base 9.
6272178
What is -210202100120020 (base 3) in base 16?
-b067bd
8b9c9d (base 16) to base 5
4320241342
Convert -3561635 (base 9) to base 6.
-105212005
-524122340 (base 6) to base 10
-9155508
Convert 21257732 (base 9) to base 4.
213013122131
17603610 (base 8) to base 15
568d9b
What is 1712bb0 (base 14) in base 15?
ee0248
11131443 (base 5) to base 3
12000210121
-1e560 (base 15) to base 5
-11132330
-144654 (base 9) to base 15
-1b464
What is -110416 (base 9) in base 2?
-10000000110011101
3244250 (base 6) to base 9
265683
What is 567329 (base 10) in base 13?
16b2c9
-6200222 (base 7) to base 10
-739622
What is 221332120222 (base 4) in base 7?
162345661
5a68a (base 15) to base 12
11aa57
What is a51084 (base 11) in base 7?
20215640
What is 2236817 (base 9) in base 10?
1205701
What is -44340240 (base 5) in base 16?
-5e781
48cf8 (base 16) to base 12
124708
Convert -3322221 (base 5) to base 8.
-160723
What is d15147 (base 14) in base 9?
14225625
What is 21032322122 (base 4) in base 3?
11112222010122
-214112413 (base 5) to base 11
-582783
Convert 11000101000001101000100 (base 2) to base 9.
13130130
What is -10011012022001 (base 3) in base 10?
-1676917
What is -90650 (base 13) in base 4?
-333001100
109bc (base 16) to base 3
10110022120
-2412578 (base 9) to base 6
-44005325
-238c2 (base 14) to base 2
-10101001100010010
What is 1024441 (base 6) in base 2?
1100010001101001
Convert 19212 (base 11) to base 14.
9b19
What is -2223110 (base 4) in base 16?
-2ad4
What is -1501b (base 15) in base 11?
-46808
-273616 (base 10) to base 13
-97705
What is -226459 (base 10) in base 16?
-3749b
15602144 (base 7) to base 10
1513397
Convert 155121453 (base 6) to base 3.
20020211202120
Convert -1a6cc2 (base 15) to base 3.
-2102110211202
Convert 1909cc (base 16) to base 6.
55100444
Convert -113342254 (base 6) to base 8.
-10075272
11a9aa7 (base 11) to base 12
84aa08
-648042 (base 12) to base 8
-6041062
What is -1101100110010111110 (base 2) in base 13?
-127ab3
What is -281001 (base 10) in base 7?
-2250150
Convert ca28d (base 14) to base 13.
141726
What is -18352 (base 10) in base 3?
-221011201
Convert 10000110010111110010 (base 2) to base 5.
120103021
Convert -356a80 (base 11) to base 2.
-10001010000110001010
-48971 (base 10) to base 8
-137513
1770214 (base 8) to base 6
15052540
What is 11104001234 (base 5) in base 2?
101110011011101100100101
What is -122321233 (base 4) in base 12?
-53927
Convert 31211201 (base 5) to base 3.
111001121102
-62151025 (base 7) to base 2
-10011110110111011100010
117616 (base 9) to base 14
1bd4a
Convert 4081019 (base 10) to base 